ainder when z is divided by (-302)/g - 12/(-54)?
16
Suppose -i - 34 = -28, -c + 94 = -i. Suppose 0 = 5*l + 4*q - 78, 5*l - 74 = -q + 13. Calculate the remainder when c is divided by l.
16
Let j = 38 - 132. Let g = j + 115. What is the remainder when 51 is divided by g?
9
Suppose -74*a = -7*a + 3082. Let z(r) = -r**2 - 49*r - 113. What is the remainder when 47 is divided by z(a)?
22
Let o = 5362 + -5291. What is the remainder when 280 is divided by o?
67
Suppose 1684 = 197*d - 6373 - 414. Calculate the remainder when (192/2)/((-6)/(-8)) is divided by d.
42
Suppose 196 = 2*p + 3*c, 0 = 5*p - c - 0*c - 456. Let z = p + -71. Suppose 2*n = -7 + 15. What is the remainder when z is divided by n?
1
Suppose -26*y + 29*y = -5*l + 202, -207 = -5*l + 2*y. What is the remainder when 237 is divided by l?
32
Let w(m) = -2*m**2 - 30*m - 52. Let i be w(-13). Let t = 17 - 10. Suppose -4*g = -3 + t, i = -5*q - 5*g + 105. What is the remainder when 39 is divided by q?
17
Let w(q) = q**3 - 14*q**2 + 26*q + 20. Calculate the remainder when w(13) is divided by 13.
7
Let v = -10309 + 11290. What is the remainder when 1967 is divided by v?
5
Calculate the remainder when 850 is divided by 1 - 10 - (-43)/(1505/1820).
33
Let v be ((-540)/(-8))/(9/12). What is the remainder when 15/(-6)*(-6984)/v is divided by 65?
64
What is the remainder when (-10)/(-6 - 123/(-21)) - 2 is divided by 46?
22
Let m(z) = z**3 + 3*z**2 - 5*z - 6. Let v be m(-4). Calculate the remainder when -14*(-3 + -4) + (0 - 4) is divided by ((-3)/v + -2)*-38.
18
Let f be (-3)/(1*(-3)/3*3). Suppose 4*u - 5 = 3. Calculate the remainder when (1 + 12 + 4)*f is divided by u.
1
What is the remainder when 17/(323/(-285)) - -507 is divided by 99?
96
Let w be 26 + 14 - (-8 + 0). Suppose -14*i + w = -6*i. What is the remainder when 40 is divided by i?
4
Let h be -8 - (2 + 7 + -11). What is the remainder when 211 is divided by 3 + 47 + -1 + h?
39
Suppose 34*m - 12118 = 15048. What is the remainder when m is divided by 9?
7
Suppose -53*d + 49*d = 2*t - 146, 5*t - 2*d - 473 = 0. What is the remainder when 1237 is divided by t?
54
Suppose -4*d - 126 - 42 = 0. Let n = d - -45. Suppose 0 = n*h + 15, 4*v - 84 = h + 3*h. Calculate the remainder when 46 is divided by v.
14
Suppose 3*h + 3*q = 1227, -6*h + 3*h = 4*q - 1232. What is the remainder when h is divided by 134?
2
Suppose -114*p = -680 - 2968. Suppose -5*r + 59 = -4*r. What is the remainder when r is divided by p?
27
Let j(u) = 11*u**2 + 1513*u - 6044. Calculate the remainder when 217 is divided by j(4).
33
Suppose 7*o = 41 - 188. Calculate the remainder when -1 - ((-9)/(-21) + 912/o) is divided by 38.
4
Suppose 3955*n = 3952*n + 108. Calculate the remainder when 713 is divided by n.
29
Let l(u) = 51*u**3 - u + 1. Let a be l(1). Let i = a - 52. What is the remainder when i*-2*(-21)/(-6) is divided by 4?
3
Let c(r) = -r**3 + 13*r**2 + 2*r - 28. Let y be c(13). Let s(b) = -9*b + 12. Calculate the remainder when s(y) is divided by 8.
6
Let c(g) = 10*g**2 - 13*g + 13. Let m be c(5). Suppose -6*l + m = -30. Calculate the remainder when 113 is divided by l.
37
Let d(i) = i**2 - 16*i + 29. Let m be d(14). Suppose -4*x + 5 = m, -3*x - 41 = -2*o. Suppose -6 = 21*a - o*a. What is the remainder when 27 is divided by a?
3
Suppose 5*f = 10, -832 = -4*i - 0*f + 2*f. Suppose -5*x + 230 = -5*s, -4*x + 0*x + i = s. Calculate the remainder when x is divided by (19 - 9) + (-1 - 0).
6
Suppose -7*n - 5654 + 2920 + 2860 = 0. What is the remainder when 1291 is divided by n?
13
Suppose 2*n - 7*n + 462 + 1113 = 0. Calculate the remainder when 346 is divided by n.
31
Let h = 19 - -71. Let o(s) = 35 - 137 - 36*s**2 - 26*s**2 - 26*s + 61*s**2. Calculate the remainder when h is divided by o(-7).
28
Let s = -86 - -90. Suppose -5*x = s*w - 94, -4*x + 3*w = 7*w - 72. Let j = x + 4. What is the remainder when j is divided by 14?
12
Suppose 32*h + 27*h - 38527 = 0. What is the remainder when h is divided by 324?
5
Let h(i) = 4*i**2 + 5*i + 2. Calculate the remainder when h(-4) is divided by 43 + 165/(24 - 39).
14
Let h = 9728 - 8836. What is the remainder when h is divided by 61?
38
Let x(f) = 2*f**3 + 9*f**2 - 19*f + 7. Let b be x(-8). Let w = -152 - b. Calculate the remainder when w is divided by 35.
32
Suppose s = -3*g + 7227 + 922, 2*s - 10860 = -4*g. What is the remainder when g is divided by 52?
15
Suppose 0 = -16*n + 137*n - 726. What is the remainder when 4101 is divided by n?
3
Suppose 0 = -20*h + 25*h - m - 314, -6*h = -4*m - 388. What is the remainder when h is divided by 40?
22
Let a = -153 + 160. Suppose 0 = a*g - 4*g - 30. What is the remainder when 138 is divided by g?
8
Suppose -1 + 131 = 2*u. Suppose b + 3*n + 2*n = 29, -3*n = 4*b - u. Calculate the remainder when 3 + (-38)/b - (-1296)/21 is divided by 9.
8
Let x(m) = -30*m - 34*m + 36*m**2 + 53*m - 10. What is the remainder when x(-1) is divided by 2?
1
Suppose -5*j + 74 = 3*r + 28, -4*j = 4*r - 32. Let p = -223 + -118. Calculate the remainder when 1/1 + p/(-11) is divided by j.
10
Let y = -70029 - -70046. Let j = 12 - 8. Suppose 9 = j*z - 19. Calculate the remainder when y is divided by z.
3
Let v = -64 - -131. Calculate the remainder when v is divided by (29 + 1)/((-1)/((11 + -21)/20)).
7
Suppose -7*o + 24 = o. Suppose 5*q + 4*x - 60 = 0, o*q = 5*q + x - 24. Calculate the remainder when 2/3*(-105)/(-1) is divided by q.
10
Let g(c) = -c**2 + 373*c - 1440. Calculate the remainder when 93 + 3*(-2)/(-6) is divided by g(4).
22
Let m = 10069 + -10035. Calculate the remainder when 743 is divided by m.
29
Let b be (-13 - 196/(-14))*(13 + 0). Suppose 0 = -26*c + b*c + 1287. What is the remainder when c is divided by 44?
11
Let u(g) = -49*g + 3722. What is the remainder when 273 is divided by u(75)?
38
Suppose -2*i = -i - 79. Calculate the remainder when i is divided by 26 - (301 - -21)/(-23).
39
Let j(c) = 18*c - 1. Let x be j(-1). Let b = 33 + x. Suppose 3*u + b = y - 6*y, u + 3*y + 10 = 0. What is the remainder when 16 is divided by u?
0
Let b = -1477 + 1495. What is the remainder when 373 is divided by b?
13
Suppose -r - m = -7, -4*r - 886*m + 30 = -883*m. What is the remainder when 3143 is divided by r?
2
Let k = 8376 - 8212. Calculate the remainder when k is divided by 95.
69
Let l = -47 - -70. Suppose -8*f + 5*h + 379 = 0, 553 = f + h + 517. What is the remainder when f is divided by l?
20
Suppose -3*k + 140 = 5*d, 2*k = 2*d - 5*d + 85. Let g(i) = -4*i + 72. Calculate the remainder when g(6) is divided by d.
23
Suppose 1114*d - 1131*d + 1411 = 0. Calculate the remainder when 1076 is divided by d.
80
Let t(b) = 2*b**3 + 19*b**2 + 21*b + 70. Calculate the remainder when t(-8) is divided by 35.
24
Let i be 3 + -2 + -29 + 1. Let j be (-279)/i + (-6)/(-9). Suppose 3*m + 6 + j = 2*l, 25 = 5*l - 4*m. Calculate the remainder when 4 is divided by l.
0
Suppose -6*o - 167 = 73. Suppose -5*t + 3*t + 22 = 0. What is the remainder when (-24)/80 - 3452/o is divided by t?
9
Suppose 11*m + 84778 = 84910. Calculate the remainder when 4749 is divided by m.
9
What is the remainder when 235 is divided by 1/(-2) + (-2125)/(-42) - 180/1890?
35
Suppose 100*r = 97*r + 834. Calculate the remainder when 8054 is divided by r.
270
Suppose -11 - 17 = -3*j - 2*x, 64 = 4*j - 4*x. Suppose 4*h = -4*s + 180, 4*s + 11*h = 8*h + 176. Calculate the remainder when s is divided by j.
5
Suppose -6*x + 70 = 64. Let f(s) = 22*s - 9. Calculate the remainder when 38 is divided by f(x).
12
Suppose 5187 = 80*m - 813. What is the remainder when 4798 is divided by m?
73
Suppose a = 4 + 24. Let k = 654 + -601. Calculate the remainder when k is divided by -1*(a/(-2))/2.
4
Let m(y) = -37*y - 943. What is the remainder when 1486 is divided by m(-28)?
91
Let s be (27/15)/((-30)/(-100)). Let d = 33 - s. What is the remainder when d is divided by ((-5)/1)/((-6)/12)?
7
What is the remainder when 1/(13*(-8)/(-20176)) is divided by 139?
55
Suppose 12*y + y - 2472 + 626 = 0. What is the remainder when 261 is divided by y?
119
Let d(r) = 4*r**2 + 61*r + 135. What is the remainder when d(-17) is divided by 72?
38
Let b = -5000 - -5062. What is the remainder when 1874 is divided by b?
14
Suppose -w = 91 - 34. Let n = -41 - w. Let k(d) = 20*d**2 - d. Calculate the remainder when k(2) is div